hat is the remainder when 6168327 is divided by 284?
131
Calculate the remainder when 363128 is divided by 11328.
632
Calculate the remainder when 853364 is divided by 148.
144
Calculate the remainder when 1066801 is divided by 91.
8
Calculate the remainder when 4863661 is divided by 1621113.
322
Calculate the remainder when 23118 is divided by 398.
34
What is the remainder when 2080141 is divided by 4071?
3931
What is the remainder when 327332 is divided by 3677?
79
What is the remainder when 373998 is divided by 15578?
126
Calculate the remainder when 91481 is divided by 15200.
281
Calculate the remainder when 112901 is divided by 2820.
101
Calculate the remainder when 50346752 is divided by 1828.
1804
Calculate the remainder when 109647 is divided by 35286.
3789
What is the remainder when 1095724 is divided by 18257?
304
Calculate the remainder when 1612319 is divided by 1072.
31
What is the remainder when 1210274 is divided by 225?
224
Calculate the remainder when 9943352 is divided by 140.
132
What is the remainder when 61302796 is divided by 40?
36
What is the remainder when 530277 is divided by 7264?
5
What is the remainder when 2041288 is divided by 157021?
15
What is the remainder when 69522 is divided by 904?
818
Calculate the remainder when 155934163 is divided by 270.
253
What is the remainder when 66361 is divided by 16527?
253
Calculate the remainder when 44685886 is divided by 39.
37
Calculate the remainder when 8888617 is divided by 89.
9
Calculate the remainder when 136593 is divided by 67806.
981
Calculate the remainder when 8757983 is divided by 2445.
2438
What is the remainder when 76074 is divided by 798?
264
What is the remainder when 30384943 is divided by 26?
17
Calculate the remainder when 15289485 is divided by 312030.
15
What is the remainder when 777455 is divided by 1140?
1115
What is the remainder when 1143546 is divided by 584?
74
What is the remainder when 482446 is divided by 45?
1
What is the remainder when 24567 is divided by 988?
855
What is the remainder when 675852 is divided by 2926?
2872
What is the remainder when 12149820 is divided by 1266?
18
What is the remainder when 29471473 is divided by 8253?
10
Calculate the remainder when 6892 is divided by 215.
12
What is the remainder when 50372141 is divided by 1197?
1184
Calculate the remainder when 35811869 is divided by 164.
9
What is the remainder when 130341 is divided by 32582?
13
What is the remainder when 35608 is divided by 4442?
72
Calculate the remainder when 23804 is divided by 7566.
1106
Calculate the remainder when 904935 is divided by 1942.
1905
Calculate the remainder when 2660574 is divided by 780.
774
What is the remainder when 35904452 is divided by 3264041?
1
Calculate the remainder when 39273948 is divided by 60.
48
Calculate the remainder when 459884 is divided by 4524.
2960
What is the remainder when 842745 is divided by 421371?
3
What is the remainder when 279411 is divided by 3577?
405
What is the remainder when 431870 is divided by 85?
70
Calculate the remainder when 394918 is divided by 11967.
7
What is the remainder when 5540 is divided by 666?
212
Calculate the remainder when 1799278 is divided by 356.
54
Calculate the remainder when 283780948 is divided by 29.
27
What is the remainder when 2648409 is divided by 18917?
29
Calculate the remainder when 4642439 is divided by 59.
24
Calculate the remainder when 1391018 is divided by 877.
96
Calculate the remainder when 7041757 is divided by 201192.
37
What is the remainder when 6404 is divided by 2162?
2080
Calculate the remainder when 13199366 is divided by 4951.
0
Calculate the remainder when 993978 is divided by 136.
90
What is the remainder when 35336472 is divided by 127?
119
Calculate the remainder when 6888600 is divided by 15585.
30
What is the remainder when 103409406 is divided by 2110396?
2
Calculate the remainder when 968388 is divided by 121045.
28
Calculate the remainder when 106411 is divided by 522.
445
Calculate the remainder when 595659679 is divided by 980.
979
Calculate the remainder when 26560102 is divided by 1535.
1532
What is the remainder when 11326 is divided by 418?
40
What is the remainder when 20249262 is divided by 1012463?
2
Calculate the remainder when 1885390 is divided by 19436.
98
What is the remainder when 16016 is divided by 2144?
1008
What is the remainder when 60665113 is divided by 32863?
15
Calculate the remainder when 3091751 is divided by 96617.
7
What is the remainder when 3936450 is divided by 445?
425
Calculate the remainder when 27312598 is divided by 4645.
4643
Calculate the remainder when 4974207 is divided by 292600.
7
What is the remainder when 1769653 is divided by 13934?
35
Calculate the remainder when 609482 is divided by 4687.
172
What is the remainder when 2466531 is divided by 204?
171
What is the remainder when 41721 is divided by 1228?
1197
Calculate the remainder when 325514108 is divided by 50.
8
Calculate the remainder when 4467604 is divided by 446760.
4
Calculate the remainder when 67379 is divided by 238.
25
Calculate the remainder when 1868217 is divided by 753.
24
Calculate the remainder when 874930 is divided by 437465.
0
What is the remainder when 406699 is divided by 281?
92
Calculate the remainder when 521965 is divided by 58.
23
Calculate the remainder when 1894956 is divided by 159.
153
What is the remainder when 145092 is divided by 3717?
129
Calculate the remainder when 5927 is divided by 592.
7
Calculate the remainder when 41373 is divided by 1540.
1333
What is the remainder when 374170 is divided by 99?
49
What is the remainder when 164644 is divided by 131?
108
Calculate the remainder when 259495 is divided by 1952.
1831
What is the remainder when 94016 is divided by 57?
23
Calculate the remainder when 675580 is divided by 4917.
1951
What is the remainder when 179841 is divided by 80?
1
Calculate the remainder when 494431 is divided by 4227.
4099
Calculate the remainder when 2039295 is divided by 158.
147
Calculate the remainder when 63832 is divided by 5788.
164
Calculate the remainder when 16295313 is divided by 428824.
1
Calculate the remainder when 14677559 is divided by 33587.
40
What is the remainder when 6734 is divided by 3128?
478
Calculate the remainder when 2145639 is divided by 377.
132
Calculate the remainder when 4764901 is divided by 19.
5
What is the remainder when 1655446 is divided by 75236?
254
Calculate the remainder when 25428222 is divided by 4491.
180
What is the remainder when 1147444 is divided by 164?
100
What is the remainder when 511997 is divided by 1024?
1021
Calculate the remainder when 220927 is divided by 612.
607
What is the remainder when 14893557 is divided by 165?
162
What is the remainder when 548743 is divided by 2296?
2295
What is the remainder when 4762 is divided by 3794?
968
What is the remainder when 2165438 is divided by 255?
233
What is the remainder when 601636 is divided by 80?
36
Calculate the remainder when 27776 is divided by 6255.
2756
Calculate the remainder when 8378322 is divided by 3638.
8
What is the remainder when 31038834 is divided by 119841?
15
What is the remainder when 2935010 is divided by 2934584?
426
Calculate the remainder when 711378 is divided by 2736.
18
Calculate the remainder when 1846530 is divided by 291.
135
Calculate the remainder when 35534496 is divided by 467.
466
Calculate the remainder when 3546360 is divided by 1767.
1758
What is the remainder when 23276392 is divided by 961?
11
What is the remainder when 14612468 is divided by 36?
32
What is the remainder when 71421319 is divided by 37?
34
What is the remainder when 206343 is divided by 9189?
4185
What is the remainder when 1526138 is divided by 2849?
1923
What is the remainder when 7739375 is divided by 36?
23
What is the remainder when 3549335 is divided by 303?
296
Calculate the remainder when 499587 is divided by 855.
267
What is the remainder when 1026461 is divided by 1064?
765
Calculate the remainder when 569718 is divided by 723.
717
Calculate the remainder when 1819754 is divided by 606584.
2
What is the remainder when 33480537 is divided by 332?
329
What is the remainder when 9322297 is divided by 172633?
115
Calculate the remainder when 69029 is divided by 109